 + -1. List the prime factors of (-40)/(-12)*q/10.
3, 5
Let o = 1547 + -1043. What are the prime factors of o?
2, 3, 7
Let d be 2/((18/51)/3). Let c(k) = k**2 - 11*k + 32. Let n be c(6). Suppose 59 = n*v - d. What are the prime factors of v?
2, 19
Let s(d) = -8*d**3 - 3*d**2 + 6*d - 8. List the prime factors of s(-4).
2, 3
Let h(j) be the second derivative of -11/6*j**3 + 0 - 17/2*j**2 - 2*j. List the prime factors of h(-6).
7
Suppose 8*j - 4*j = i + 3902, 0 = 5*i - 10. List the prime factors of j.
2, 61
Let h(f) = f + 13. Let l be h(-9). Suppose -3*a + 1320 = 5*n, -l*n + 1604 = -a + 548. What are the prime factors of n?
2, 3, 11
Let q(u) = -133*u + 571. What are the prime factors of q(-13)?
2, 5, 23
Let a = -413 + 716. List the prime factors of a.
3, 101
Let t = 870 + -422. What are the prime factors of t?
2, 7
Let w(g) = -104*g - 218. List the prime factors of w(-5).
2, 151
Suppose -3*a + 2*k + 16 = 0, -3*k - 2*k + 5 = 0. Let i be (8 + a/(-3))/(-1). List the prime factors of (2 - (-14)/i)*-30.
2, 5
Let u(a) = 9*a**2 - 2*a - 4. Let o be u(3). Let f be (-1 + (-1)/2)*(-8)/6. Suppose -f*y = 5 - o. What are the prime factors of y?
3, 11
Let y = 5 - 8. Let p be ((-5)/y)/((-6)/(-18)). Suppose -3*q - 44 = -p*q. List the prime factors of q.
2, 11
Let h = 87 - 50. Suppose -2*x + 177 = x. Let t = x - h. What are the prime factors of t?
2, 11
List the prime factors of -52 + 829 - 2/2.
2, 97
Let b be (-33)/(10/35 + (-74)/112). List the prime factors of b/3 - 6/(-9).
2, 3, 5
List the prime factors of (-120)/50*(46040/(-6))/4.
2, 1151
Let m = 16 + -1. Let f be (-12)/m*15/(-2). Suppose 4*j + 24 = f*j. What are the prime factors of j?
2, 3
Let q(h) = -h**2 + 23*h + 34. Let a be q(23). List the prime factors of (a/4)/((-2)/(-6))*2.
3, 17
Suppose 0 = 9*c - 5*c - 248. Suppose a + 2*a = 2*n - c, -n = -2*a - 29. List the prime factors of n.
37
Let t(x) be the first derivative of x**4/4 - 4*x**3/3 - 4*x**2 - 8*x + 23. What are the prime factors of t(7)?
83
Suppose -5*k - 2 = -7. Let v(p) = 2*p + 4*p - 5*p + k. List the prime factors of v(4).
5
Let b be 60/8*-4*2/(-4). Let t(h) be the first derivative of h**2 - 11*h + 1. What are the prime factors of t(b)?
19
Let g(s) = -3*s + 16. Let p be g(7). List the prime factors of (-8 + p)/(-2 + 1).
13
Let r(n) = -n**2 + 2*n. Let q be r(2). Suppose q = 2*y - 2 - 16. Suppose 0 = -4*j + 11 + y. What are the prime factors of j?
5
Suppose 5*g - d - 3903 = 0, -797 = -3*g + 2*d + 1542. List the prime factors of g.
11, 71
Let q(c) = -2 + 6 + 3*c**3 + 5*c**2 - 2. Let i(a) = -2*a**3 - 4*a**2 - 3. Let l(t) = -4*i(t) - 3*q(t). What are the prime factors of l(0)?
2, 3
Suppose -4*w + 64 = 4*y, -4*w + y + y = -46. Let k = -3 + w. What are the prime factors of k?
2, 5
List the prime factors of (-2)/(-6) + -1 + 3775/15.
251
Let o = 987 - 629. List the prime factors of o.
2, 179
Suppose -4*i + 2433 + 1443 = 0. List the prime factors of i.
3, 17, 19
Let r(o) = -o**2 + 20*o - 41. Let b be r(17). Let c = b + -3. What are the prime factors of c?
7
Let i = -1561 + 2431. Suppose 5*d + 2*p - 1190 = d, -3*d + 3*p + i = 0. What are the prime factors of d?
5, 59
Suppose -4*f = 6*g - 4*g - 518, g - 2*f = 267. Suppose 4*l = 4*u - 384, 4*u - u - g = -2*l. What are the prime factors of u?
7, 13
Let y(v) = -59*v**3 + 3*v**2 - 7*v + 14. Let u be y(2). Let t = -200 - u. What are the prime factors of t?
2, 5, 13
Let q be (-39 - 0)/(((-27)/4)/9). Suppose 3*p - q = 11. What are the prime factors of p?
3, 7
List the prime factors of (-173 - -177)*(-886)/(-4).
2, 443
Suppose 0 = h + 1 - 204. Suppose 212 = 5*g - h. List the prime factors of g.
83
List the prime factors of 4/(-10)*(114230/(-20) - 6).
2287
Let s(j) = 6*j - 74. What are the prime factors of s(26)?
2, 41
Let i = -328 + 651. List the prime factors of i.
17, 19
Let q = 83 - 199. Let f = 21 - q. List the prime factors of f.
137
Suppose -k = -3*k + 5*a + 86, -2*a + 4 = 0. List the prime factors of k.
2, 3
Let m = -668 - -2085. List the prime factors of m.
13, 109
Suppose 26 = 5*s - 34. Suppose 2*z + s = z. What are the prime factors of 222/(-4)*z/18?
37
Let s be 2/4*(291 + -3). Suppose -18 - s = -2*i. Suppose y = -0*y + i. What are the prime factors of y?
3
Let u(y) be the first derivative of y**4/12 + y**3/6 + 3*y**2 + 3*y - 2. Let k(h) be the first derivative of u(h). What are the prime factors of k(4)?
2, 13
Let l(a) = 13*a - 3. Let u(m) be the third derivative of -19*m**4/12 + 5*m**3/3 + 8*m**2. Let h(k) = -17*l(k) - 6*u(k). List the prime factors of h(8).
47
Let a = 28 + -23. Suppose a*x = x. Suppose h - 3*r = 30, x = h - 2*h - r + 18. List the prime factors of h.
3, 7
Let o(h) be the first derivative of -3*h**2/2 - 4*h - 6. Let l be o(-3). Let v = 7 - l. List the prime factors of v.
2
Let v = 4235 + -2933. List the prime factors of v.
2, 3, 7, 31
Suppose 3*f + 21 = d, -d - f + 6 = -3. Let m = d - -263. What are the prime factors of m?
5, 11
Let t(c) = c + 15. Let d be t(-15). Suppose 0*w - 4*w + 224 = d. Suppose 19 = v + 3*n - 40, v = -4*n + w. What are the prime factors of v?
2, 17
Let y = -311 + 151. What are the prime factors of (24/15)/((6/y)/(-3))?
2
Let v = -22 + 47. Suppose 0 = -2*w - 5*o + 33, 8 - 35 = -4*w + 3*o. Let u = v - w. What are the prime factors of u?
2
Let q(k) = -3*k**3 + 3*k**2 + 6*k + 3. Let m be q(-3). Let r = m + -86. What are the prime factors of r?
7
Suppose -21*w = 3*w - 9816. What are the prime factors of w?
409
Let g(y) be the first derivative of y**3/3 - 3*y**2/2 + 3*y - 1. Suppose r - 20 = 5*r - 2*a, 23 = -5*r + 2*a. List the prime factors of g(r).
3, 7
Suppose 0 = -u - 2*t + 135, 5*u = -3*t + 2*t + 693. Suppose 2*d + 0*n = 5*n + u, 0 = 3*d - n - 215. List the prime factors of d.
2, 3
Let f(l) = l**3 + 12*l**2 - 14*l - 11. Let t be f(-13). List the prime factors of ((-100)/(-30))/(t/51).
5, 17
Let h be (0 + -1)/(1*(-5)/20). Suppose 4*r - 256 = -2*k, 2*r - h*k - 50 = 98. List the prime factors of r.
2, 3, 11
Let z be (-720*1)/(-3) - -5. Let y = z + -26. What are the prime factors of y?
3, 73
Suppose -2*y - 3638 - 13677 = -5*v, 5*v = -3*y + 17340. List the prime factors of v.
3, 5, 7, 11
Let h = 24 - 26. Let o(m) = -63*m + 2. List the prime factors of o(h).
2
Let z(c) = 7*c. Let n be z(0). Suppose -2*g - 3*l + 67 = -n*g, 0 = 2*g + 2*l - 62. What are the prime factors of g?
2, 13
Suppose -2*k - 35 = -a + 6*a, 0 = 3*k + a + 20. What are the prime factors of 6 + (2 - 6) - k?
7
Suppose 3*n + 2 + 7 = -t, 2*t + 8 = -n. What are the prime factors of ((-74)/n)/(0 + 1)?
37
Suppose 0 = -8*c + 11*c - 57. Suppose 0 = -4*v + c + 1. Suppose u - v*t - 20 = 0, -t - 11 = -u + 5. List the prime factors of u.
3, 5
Suppose -2*j + 53 = 2*f - 7*f, -3*j + 3*f + 57 = 0. Suppose -5*q - 24 = 2*r, -q + j = -2*q - 5*r. Let l = q + 60. What are the prime factors of l?
2, 7
Suppose 0 = -0*t - 6*t + 18. Let j(h) = 0 + t*h - 5*h + 0 - 1. What are the prime factors of j(-4)?
7
Suppose -3*m = 0, m - 2*m - 9 = -q. Suppose -6*p = -2*h - p + q, 5*h - 48 = 4*p. Suppose 4*j + h = 6*j. What are the prime factors of j?
2, 3
Suppose 2*r - 98 = 14. Suppose -4*s = -2*s + 5*i - 65, -4*i = -2*s + r. List the prime factors of s.
2, 3, 5
Let f(j) = j**3 + 9*j**2 + 7*j - 9. Let m(p) = -2*p - 2. Let w be m(-2). Suppose -5 = n + w. What are the prime factors of f(n)?
2, 5
Let r = 2084 + 60. What are the prime factors of r?
2, 67
Suppose 0 = 3*p - 15*p + 1152. Suppose -x + 4*f = -8 - 35, 5*f = 0. Let v = p - x. What are the prime factors of v?
53
Suppose -93 - 173 = -7*w. Let v = -22 + w. List the prime factors of v.
2
Let s(f) be the first derivative of 4*f - 3/2*f**2 + 5 + 2*f**3. List the prime factors of s(3).
7
Let j = 1406 + -790. What are the prime factors of j?
2, 7, 11
Let k(n) = 14*n**2 + 2*n + 22. Let p be k(-5). Let b = -197 + p. List the prime factors of b.
3, 5, 11
Let u be -1*8/(-2) + -10. Let n(s) = s + 10. Let h be n(u). Suppose -3*r + 3*a + 147 = 0, 0*r + h*r = -2*a + 214. What are the prime factors of r?
2, 13
Suppose 4*p - 20 = 0, 0 = 3*t + 2*p - 0*p - 1249. List the prime factors of t.
7, 59
Let l(v) = -v**3 - 13*v**2 - 21*v - 15. Let h be l(-9). Let i = -88 - h. What are the prime factors of i?
2, 31
Let j = -17 - -17. Suppose 6*h = -j*h - 18. What are the prime factors of h/12 + 759/12?
3, 7
Le